{"version":"1.0","provider_name":"UCED Slovensko a. s.","provider_url":"https:\/\/www.ucedslovensko.sk\/pl","title":"Grupa energetyczna GGE ma nowego dyrektora dzia\u0142u ciep\u0142a - UCED Slovensko a. s.","type":"rich","width":600,"height":338,"html":"<blockquote class=\"wp-embedded-content\" data-secret=\"nWqINnl1Vu\"><a href=\"https:\/\/www.ucedslovensko.sk\/pl\/energeticka-skupina-gge-ma-noveho-riaditela-divizie-tepla\/\">Grupa energetyczna GGE ma nowego dyrektora dzia\u0142u ciep\u0142a<\/a><\/blockquote><iframe sandbox=\"allow-scripts\" security=\"restricted\" src=\"https:\/\/www.ucedslovensko.sk\/pl\/energeticka-skupina-gge-ma-noveho-riaditela-divizie-tepla\/embed\/#?secret=nWqINnl1Vu\" width=\"600\" height=\"338\" title=\"&#8222;Grupa energetyczna GGE ma nowego dyrektora dzia\u0142u ciep\u0142a&#8221; &#8212; UCED Slovensko a. s.\" data-secret=\"nWqINnl1Vu\" frameborder=\"0\" marginwidth=\"0\" marginheight=\"0\" scrolling=\"no\" class=\"wp-embedded-content\"><\/iframe><script type=\"text\/javascript\">\n\/* <![CDATA[ *\/\n\/*! This file is auto-generated *\/\n!function(d,l){\"use strict\";l.querySelector&&d.addEventListener&&\"undefined\"!=typeof URL&&(d.wp=d.wp||{},d.wp.receiveEmbedMessage||(d.wp.receiveEmbedMessage=function(e){var t=e.data;if((t||t.secret||t.message||t.value)&&!\/[^a-zA-Z0-9]\/.test(t.secret)){for(var s,r,n,a=l.querySelectorAll('iframe[data-secret=\"'+t.secret+'\"]'),o=l.querySelectorAll('blockquote[data-secret=\"'+t.secret+'\"]'),c=new RegExp(\"^https?:$\",\"i\"),i=0;i<o.length;i++)o[i].style.display=\"none\";for(i=0;i<a.length;i++)s=a[i],e.source===s.contentWindow&&(s.removeAttribute(\"style\"),\"height\"===t.message?(1e3<(r=parseInt(t.value,10))?r=1e3:~~r<200&&(r=200),s.height=r):\"link\"===t.message&&(r=new URL(s.getAttribute(\"src\")),n=new URL(t.value),c.test(n.protocol))&&n.host===r.host&&l.activeElement===s&&(d.top.location.href=t.value))}},d.addEventListener(\"message\",d.wp.receiveEmbedMessage,!1),l.addEventListener(\"DOMContentLoaded\",function(){for(var e,t,s=l.querySelectorAll(\"iframe.wp-embedded-content\"),r=0;r<s.length;r++)(t=(e=s[r]).getAttribute(\"data-secret\"))||(t=Math.random().toString(36).substring(2,12),e.src+=\"#?secret=\"+t,e.setAttribute(\"data-secret\",t)),e.contentWindow.postMessage({message:\"ready\",secret:t},\"*\")},!1)))}(window,document);\n\/\/# sourceURL=https:\/\/www.ucedslovensko.sk\/wp-includes\/js\/wp-embed.min.js\n\/* ]]> *\/\n<\/script>\n","thumbnail_url":"https:\/\/www.ucedslovensko.sk\/wp-content\/uploads\/2019\/09\/MNO_VALETTE-JAROME_023.jpg","thumbnail_width":1049,"thumbnail_height":699,"description":"W \u015bcis\u0142ym kierownictwie s\u0142owackiej grupy energetycznej GGE nast\u0105pi\u0142a zmiana. Z dniem 1 kwietnia 2019 roku stanowisko dyrektora generalnego sp\u00f3\u0142ki zale\u017cnej Teplo GGE s. r. o. obj\u0105\u0142 Jerome Valette. \u201eW GGE planuj\u0119 kontynuowa\u0107 wysok\u0105 jako\u015b\u0107 zarz\u0105dzania plac\u00f3wkami i nie mog\u0119 si\u0119 doczeka\u0107 nowych wyzwa\u0144, kt\u00f3re na mnie czekaj\u0105. Nasi klienci mog\u0105 nadal liczy\u0107 na wysok\u0105 jako\u015b\u0107 [&hellip;]"}

Grupa energetyczna GGE ma nowego dyrektora działu ciepła - UCED Slovensko a. s.

<blockquote class="wp-embedded-content" data-secret="nWqINnl1Vu"><a href="https://www.ucedslovensko.sk/pl/energeticka-skupina-gge-ma-noveho-riaditela-divizie-tepla/">Grupa energetyczna GGE ma nowego dyrektora działu ciepła</a></blockquote><iframe sandbox="allow-scripts" security="restricted" src="https://www.ucedslovensko.sk/pl/energeticka-skupina-gge-ma-noveho-riaditela-divizie-tepla/embed/#?secret=nWqINnl1Vu" width="600" height="338" title="&#8222;Grupa energetyczna GGE ma nowego dyrektora działu ciepła&#8221; &#8212; UCED Slovensko a. s." data-secret="nWqINnl1Vu" frameborder="0" marginwidth="0" marginheight="0" scrolling="no" class="wp-embedded-content"></iframe><script type="text/javascript">
/* <![CDATA[ */
/*! This file is auto-generated */
!function(d,l){"use strict";l.querySelector&&d.addEventListener&&"undefined"!=typeof URL&&(d.wp=d.wp||{},d.wp.receiveEmbedMessage||(d.wp.receiveEmbedMessage=function(e){var t=e.data;if((t||t.secret||t.message||t.value)&&!/[^a-zA-Z0-9]/.test(t.secret)){for(var s,r,n,a=l.querySelectorAll('iframe[data-secret="'+t.secret+'"]'),o=l.querySelectorAll('blockquote[data-secret="'+t.secret+'"]'),c=new RegExp("^https?:$","i"),i=0;i<o.length;i++)o[i].style.display="none";for(i=0;i<a.length;i++)s=a[i],e.source===s.contentWindow&&(s.removeAttribute("style"),"height"===t.message?(1e3<(r=parseInt(t.value,10))?r=1e3:~~r<200&&(r=200),s.height=r):"link"===t.message&&(r=new URL(s.getAttribute("src")),n=new URL(t.value),c.test(n.protocol))&&n.host===r.host&&l.activeElement===s&&(d.top.location.href=t.value))}},d.addEventListener("message",d.wp.receiveEmbedMessage,!1),l.addEventListener("DOMContentLoaded",function(){for(var e,t,s=l.querySelectorAll("iframe.wp-embedded-content"),r=0;r<s.length;r++)(t=(e=s[r]).getAttribute("data-secret"))||(t=Math.random().toString(36).substring(2,12),e.src+="#?secret="+t,e.setAttribute("data-secret",t)),e.contentWindow.postMessage({message:"ready",secret:t},"*")},!1)))}(window,document);
//# sourceURL=https://www.ucedslovensko.sk/wp-includes/js/wp-embed.min.js
/* ]]> */
</script>

W ścisłym kierownictwie słowackiej grupy energetycznej GGE nastąpiła zmiana. Z dniem 1 kwietnia 2019 roku stanowisko dyrektora generalnego spółki zależnej Teplo GGE s. r. o. objął Jerome Valette. „W GGE planuję kontynuować wysoką jakość zarządzania placówkami i nie mogę się doczekać nowych wyzwań, które na mnie czekają. Nasi klienci mogą nadal liczyć na wysoką jakość [&hellip;]
